- 113921. What is q(127)?
-2
Let f(j) = -13*j**2 - 261*j - 124. What is f(-19)?
142
Let d(i) = -116996*i**2 + 3626875*i + 33. What is d(31)?
2
Let g(s) = 8*s**2 + 27*s - 555. Give g(-22).
2723
Let u(t) = 3*t**3 - 46*t**2 - 33*t + 1. Calculate u(14).
-1245
Let q(s) = s**3 - 396*s**2 - 729*s - 186734. Determine q(399).
-2
Let f(q) = 4301*q + 124597. Calculate f(-29).
-132
Let r(x) = 1444*x**2 + 174*x - 175. What is r(1)?
1443
Let r(b) = -14*b**2 - 527*b - 1208. What is r(-3)?
247
Let q(s) = -108*s**2 + 2776*s + 36. Give q(26).
-796
Let j(q) = 14*q**3 - 17*q**2 + 161*q - 332. What is j(3)?
376
Let n(r) = -187*r - 1289. Give n(-5).
-354
Let y(z) = -6590*z - 171652. Determine y(-26).
-312
Let t(u) = u**2 + 19*u - 27746. Calculate t(160).
894
Let p(z) = 762*z + 56066. Calculate p(-75).
-1084
Let r(q) = q**3 - 87*q**2 + 706*q - 726. Determine r(78).
-414
Let p(y) = 2262*y - 20680. Give p(9).
-322
Let z(a) = -485*a - 11429. What is z(-22)?
-759
Let q(t) = t**3 + 123*t**2 + 3363*t + 30. Calculate q(-41).
-11
Let q(v) = 4*v**2 - 122*v + 50. What is q(27)?
-328
Let o(v) = 40740*v + 81337. Calculate o(-2).
-143
Let u(x) = -2*x**3 + 77*x**2 - 133*x - 1898. Calculate u(-4).
-6
Let d(b) = -6879*b**2 + 1423953*b + 6. Determine d(207).
6
Let x(y) = -4032*y + 1701496. What is x(422)?
-8
Let l(f) = -f**2 - 1457*f - 389713. Calculate l(-353).
-1
Let c(a) = 373*a**2 - 10805*a + 15. Calculate c(29).
363
Let a(n) = n**2 - 122*n + 3647. What is a(53)?
-10
Let b(x) = 31443*x - 408579. What is b(13)?
180
Let a(y) = y**2 + 567*y - 26895. Calculate a(44).
-11
Let q(a) = -a**3 + 79*a**2 - 267*a + 3066. Calculate q(76).
102
Let o(v) = v**3 - 21*v**2 + 6*v - 2. Determine o(8).
-786
Let x(n) = 30086*n - 6107450. Calculate x(203).
8
Let j(i) = 81285*i + 16825985. Give j(-207).
-10
Let l(n) = 1122*n + 81798. Give l(-73).
-108
Let k(b) = -b**3 - 103*b**2 - 297*b + 263. Calculate k(-100).
-37
Let t(j) = j**3 - 168*j**2 - 1034*j + 60. Give t(-6).
0
Let p(c) = 5*c**2 - 940*c + 3750. What is p(4)?
70
Let p(x) = 71*x**3 + 66*x**2 - 18*x - 27. Give p(-2).
-295
Let t(z) = -616*z - 33828. Give t(-55).
52
Let m(v) = v**2 + 97*v + 802. Determine m(-8).
90
Let q(i) = -13*i**3 - 773*i**2 - 618*i - 15577. Determine q(-59).
-1
Let m(k) = k**3 - 41*k**2 + 345*k + 215. What is m(13)?
-32
Let l(j) = -3166*j + 563585. Calculate l(178).
37
Let p(f) = -1727*f + 5010. What is p(3)?
-171
Let t(s) = -3241*s + 745403. Calculate t(230).
-27
Let z(m) = m**3 + 52*m**2 + 2603*m + 99042. Calculate z(-44).
-2
Let t(h) = 9831*h + 9158. What is t(-1)?
-673
Let z(x) = -305*x**2 + 251020*x - 4111. Determine z(823).
4
Let s(d) = -1749*d - 339248. What is s(-194)?
58
Let z(o) = 12606*o**2 + 12420*o + 2. What is z(-1)?
188
Let c(u) = -53068*u - 48. Give c(0).
-48
Let d(s) = -s**3 + 19*s**2 + 61*s - 947. What is d(-8)?
293
Let x(w) = -2202188*w + 15415316. Calculate x(7).
0
Let i(h) = -207*h + 22581. Determine i(111).
-396
Let c(x) = 4651*x**2 - 55806*x - 77. Calculate c(12).
-5
Let j(t) = t**2 + 18215*t + 200258. Calculate j(-11).
14
Let j(x) = -x**2 - 7825*x - 1435769. What is j(-188)?
-13
Let g(y) = -29*y**2 + 636*y - 2246. Calculate g(18).
-194
Let n(r) = -r**2 - 1371*r - 82389. Calculate n(-63).
15
Let v(r) = r**3 + 267*r**2 - 214982*r - 688. What is v(349)?
10
Let n(g) = 17*g**2 + 375*g + 1445. Calculate n(-4).
217
Let i(q) = -q**3 + 6*q**2 - 324*q + 950. Give i(3).
5
Let f(r) = 96*r + 5478. Determine f(-44).
1254
Let y(v) = -32*v**3 + 6*v**2 + 335*v - 1359. Give y(4).
-1971
Let i(n) = -342*n**2 - 103*n - 7. Calculate i(0).
-7
Let u(o) = 22*o**2 - 2020*o + 14432. What is u(84)?
-16
Let c(h) = 4*h**3 + 6*h**2 - 4888*h - 29347. Determine c(-6).
-667
Let a(n) = -57*n - 2939. Determine a(-57).
310
Let u(x) = -3*x**3 + 17*x**2 + 395*x - 2388. What is u(6)?
-54
Let t(k) = -2*k**3 + 360*k**2 + 481*k - 21422. Determine t(181).
117
Let h(j) = -73*j**2 + 367*j - 1802. What is h(5)?
-1792
Let v(q) = -7*q**2 + 163*q + 937. Calculate v(28).
13
Let a(t) = -502*t - 6400. Calculate a(-6).
-3388
Let l(g) = 122*g + 3086. Give l(-27).
-208
Let p(o) = -9*o**2 - 599*o + 300. Give p(-66).
630
Let d(g) = 316*g**2 + 11224*g + 16320. Calculate d(-34).
0
Let j(u) = u**3 + 9*u**2 + 467*u + 7509. Calculate j(-14).
-9
Let d(m) = 4745*m - 2437. What is d(1)?
2308
Let r(i) = -29*i**2 - 56*i + 232. Give r(-8).
-1176
Let c(a) = -12*a**3 + 744*a**2 + 187*a - 11517. Determine c(62).
77
Let u(f) = -182054*f + 1092330. Give u(6).
6
Let u(q) = -43*q**3 + 39*q**2 - 166*q + 292. Calculate u(5).
-4938
Let a(k) = -k**3 - k**2 - 68*k - 34. Calculate a(10).
-1814
Let n(f) = 2*f**3 - 537*f**2 + 319*f - 13686. Calculate n(268).
-18
Let f(s) = 38*s**2 - 610*s - 75. Calculate f(18).
1257
Let q(b) = -1168*b - 19851. Give q(-17).
5
Let j(y) = 16645*y + 68640. Give j(-4).
2060
Let o(a) = -2095*a + 4049. What is o(2)?
-141
Let p(a) = 2*a**3 - 675*a**2 - 8752*a + 507. Determine p(350).
-193
Let v(h) = 217*h + 2639. What is v(-12)?
35
Let y(t) = -2*t**2 + 699*t + 6379. What is y(-9)?
-74
Let j(b) = 2*b**2 - 378*b + 2855. Determine j(182).
307
Let x(t) = -t**3 + 25*t**2 + 6163*t - 552. Determine x(92).
-644
Let x(h) = h**3 - 18*h**2 + 69*h - 293. What is x(11)?
-381
Let z(v) = 14*v**2 + 120*v + 1292. Give z(-12).
1868
Let o(j) = j**3 + 117*j**2 + 133*j - 11106. Calculate o(-115).
49
Let s(n) = 44647*n + 133925. Determine s(-3).
-16
Let i(g) = 1091*g**3 - 55*g**2 + g + 4. What is i(-1)?
-1143
Let h(b) = 787*b**2 - 77123*b - 286. What is h(98)?
8
Let o(q) = 191*q - 10931. Calculate o(60).
529
Let d(b) = -261522*b + 1307613. Give d(5).
3
Let j(g) = -34*g**3 - 560*g**2 + 938*g + 58. Determine j(-18).
22
Let s(y) = y**3 - 112*y**2 + 2395*y + 977. Determine s(83).
-19
Let u(y) = -18965*y + 568948. Determine u(30).
-2
Let y(f) = 2*f**3 - 981*f**2 - 4852*f - 17. Give y(-5).
-532
Let d(y) = 5*y**2 - 460*y + 8376. Determine d(17).
2001
Let z(u) = -52706*u + 790580. What is z(15)?
-10
Let l(g) = g**3 - 766*g**2 - 1386*g + 474751. Give l(767).
-22
Let z(r) = r**3 - 27*r**2 + 1245*r - 37811. Determine z(29).
-24
Let g(s) = -6*s**2 + 1355*s + 6748. What is g(-5)?
-177
Let q(n) = -124*n - 7703. Give q(-63).
109
Let t(g) = -2*g**3 - 41*g**2 - 88*g + 153. Give t(-19).
742
Let o(j) = 2244*j**2 + 1765*j + 1764. What is o(-1)?
2243
Let n(x) = 73*x**2 + 215*x + 75. Determine n(-3).
87
Let t(q) = -45*q**3 - q**2 + 123*q - 247. What is t(2)?
-365
Let x(j) = -j**2 - 17517*j - 454845. Determine x(-26).
-79
Let u(z) = z**3 + 37*z**2 - 839*z + 512. What is u(-53)?
35
Let u(m) = 35735*m - 285869. Calculate u(8).
11
Let h(m) = 3*m**3 - 360*m**2 + 12*m - 1407. Calculate h(120).
33
Let r(p) = -p**3 - 152*p**2 - 465*p - 47418. Determine r(-151).
-4
Let k(c) = -1204*c**2 - 21677*c - 99. What is k(-18)?
-9
Let m(f) = f**3 + 49*f**2 - 298*f - 12856. Give m(-50).
-456
Let d(x) = -106*x**2 + 100960*x + 55277. What is d(953)?
3
Let k(s) = -3644*s - 134837. Give k(-37).
-9
Let n(k) = -456*k - 44160. What is n(-89)?
-3576
Let o(s) = 71648*s - 143178. What is o(2)?
118
Let n(y) = 36391*y - 36389. What is n(1)?
2
Let m(l) = 3089*l + 15463. Calculate m(-5).
18
Let n(w) = -6*w**2 - 539*w + 23498. Determine n(-122).
-48
Let s(f) = -4*f**2 + 429*f - 5935. Determine s(91).
-20
Let h(u) = u**2 - 80*u + 899. Give h(16).
-125
Let p(w) = -233837*w + 701615. Calculate p(3).
104
Let l(q) = -q**3 + 20*q**2 - 5*q - 2. Calculate l(6).
472
Let j(q) = 2*q**2 - 333*q - 6338. Calculate j(192).
3454
Let v(k) = 126*k**2 - 22527*k - 4834. Give v(179).
-1
Let g(k) = -125*k + 4644. Calculate g(26).
1394
Let r(s) = 148*s**3 - 1332*s**2 + 375*s - 3392. Calculate r(9).
-17
Let k(w) = -5*w**2 - 76*w + 440. Determine k(-16).
376
Let j(m) = -88*m + 15438. What is j(168)?
654
Let g(r) = 14110*r + 691391. Determine g(-49).
1
Let l(z) = 19891*z - 12710343. What is l(639)?
6
Let y(b) = -5224*b + 36598. Determine y(7).
30
Let m(h) = -53*h + 3609. Determine m(68).
5
Let v(i) = i**2 - 1279*i - 26509. Determine v(-21).
791
Let w(q) = -q**2 + 50*q - 419. Determine w(7).
-118
Let n(x) = -x**3 - 67*x**2 + 225*x + 5984. Determine n(-69).
-19
Let q(d) = -7*d**2 + 6738*d - 1615267. Calculate q(511).
4
Let b(x) = 8*x**2 + 31574*x - 1082746. Determine b(34).
18
Let b(f) = 226*f - 22609. Calculate b(99).
-235
Let r(g) = -4*g**2 - 334*g - 3886. 